{"id":6555,"date":"2024-03-04T02:16:43","date_gmt":"2024-03-04T02:16:43","guid":{"rendered":"https:\/\/prokoparki.wp.zanreal.app\/?post_type=product&#038;p=6555"},"modified":"2026-03-21T11:38:34","modified_gmt":"2026-03-21T10:38:34","slug":"4wd-tractor","status":"publish","type":"product","link":"https:\/\/prokoparki.wp.zanreal.app\/index.php\/product\/4wd-tractor\/","title":{"rendered":"Myjka ci\u015bnieniowa KARCHER K7 Premium"},"content":{"rendered":"<p>Myjka ci\u015bnieniowa KARCHER K7 Premium Smart Control Flex Home 1.317-363.0 to doskona\u0142e urz\u0105dzenie do skutecznego usuwania nawet najbardziej uporczywych zabrudze\u0144 w ca\u0142ym domu. Wystarczy po\u0142\u0105czy\u0107 j\u0105 z aplikacj\u0105 K\u00e4rcher Home &amp; Garden poprzez Bluetooth, aby zwi\u0119kszy\u0107 efektywno\u015b\u0107 i wygod\u0119 czyszczenia. Aplikacja pe\u0142ni rol\u0119 asystenta, dostarczaj\u0105c praktycznych wskaz\u00f3wek i porad dostosowanych do r\u00f3\u017cnych zada\u0144 czyszcz\u0105cych.<\/p>\n<p>&nbsp;<\/p>\n<p>Myjka wyposa\u017cona jest w tryb Boost, kt\u00f3ry zapewnia dodatkow\u0105 moc, u\u0142atwiaj\u0105c usuwanie nawet najbardziej wymagaj\u0105cych zabrudze\u0144. Poziom ci\u015bnienia mo\u017cna regulowa\u0107 bezpo\u015brednio na pistolecie spustowym G 180 Q Smart Control z wy\u015bwietlaczem LCD lub za pomoc\u0105 aplikacji. W zestawie znajduje si\u0119 lanca spryskuj\u0105ca 3-w-1 Multi Jet, kt\u00f3ra umo\u017cliwia szybkie prze\u0142\u0105czanie mi\u0119dzy trzema r\u00f3\u017cnymi strumieniami bez konieczno\u015bci wymiany lancy. W\u0105\u017c wysokoci\u015bnieniowy PremiumFlex zapewnia maksymaln\u0105 elastyczno\u015b\u0107 i swobod\u0119 ruchu, a system Quick Connect umo\u017cliwia \u0142atwe pod\u0142\u0105czanie w\u0119\u017ca i akcesori\u00f3w.<\/p>\n<p>&nbsp;<\/p>\n<p>Dzi\u0119ki systemowi Plug 'n&#8217; Clean, \u015brodek czyszcz\u0105cy mo\u017cna aplikowa\u0107 bezpo\u015brednio z opakowania, co u\u0142atwia jego wymian\u0119 i dozowanie. Ch\u0142odzony wod\u0105 silnik gwarantuje trwa\u0142o\u015b\u0107 i niezawodno\u015b\u0107 urz\u0105dzenia. Aluminiowy uchwyt teleskopowy oraz pozycja parkowania zapewniaj\u0105 wygodny dost\u0119p do akcesori\u00f3w. W komplecie znajduj\u0105 si\u0119: narz\u0119dzie do czyszczenia powierzchni p\u0142askich T-Racer, \u015brodek do czyszczenia kamienia 3-w-1 (1 l), pistolet wysokoci\u015bnieniowy G 180 Q Smart Control, 10-metrowy w\u0105\u017c wysokoci\u015bnieniowy PremiumFlex, lanca Multi Jet 3-w-1 oraz z\u0142\u0105czka 3\/4\u201d. Myjka KARCHER K7 Premium Smart Control Flex Home to nowoczesne, intuicyjne urz\u0105dzenie, kt\u00f3re sprawia, \u017ce czyszczenie staje si\u0119 szybsze, skuteczniejsze i wygodniejsze!<\/p>\n","protected":false},"excerpt":{"rendered":"<p>Myjka ci\u015bnieniowa KARCHER K7 Premium Smart Control Flex Home 1.317-363.0 to doskona\u0142e urz\u0105dzenie do skutecznego usuwania nawet najbardziej uporczywych zabrudze\u0144 w ca\u0142ym domu. Wystarczy po\u0142\u0105czy\u0107 j\u0105 z aplikacj\u0105 K\u00e4rcher Home &amp; Garden poprzez Bluetooth, aby zwi\u0119kszy\u0107 efektywno\u015b\u0107 i wygod\u0119 czyszczenia.<\/p>\n","protected":false},"featured_media":6881,"comment_status":"open","ping_status":"closed","template":"","meta":[],"product_brand":[],"product_cat":[16],"product_tag":[30],"class_list":{"0":"post-6555","1":"product","2":"type-product","3":"status-publish","4":"has-post-thumbnail","6":"product_cat-myjki-cisnieniowe","7":"product_tag-equipment-rental","9":"first","10":"instock","11":"shipping-taxable","12":"purchasable","13":"product-type-ovabrw_car_rental"},"_links":{"self":[{"href":"https:\/\/prokoparki.wp.zanreal.app\/index.php\/wp-json\/wp\/v2\/product\/6555","targetHints":{"allow":["GET"]}}],"collection":[{"href":"https:\/\/prokoparki.wp.zanreal.app\/index.php\/wp-json\/wp\/v2\/product"}],"about":[{"href":"https:\/\/prokoparki.wp.zanreal.app\/index.php\/wp-json\/wp\/v2\/types\/product"}],"replies":[{"embeddable":true,"href":"https:\/\/prokoparki.wp.zanreal.app\/index.php\/wp-json\/wp\/v2\/comments?post=6555"}],"wp:featuredmedia":[{"embeddable":true,"href":"https:\/\/prokoparki.wp.zanreal.app\/index.php\/wp-json\/wp\/v2\/media\/6881"}],"wp:attachment":[{"href":"https:\/\/prokoparki.wp.zanreal.app\/index.php\/wp-json\/wp\/v2\/media?parent=6555"}],"wp:term":[{"taxonomy":"product_brand","embeddable":true,"href":"https:\/\/prokoparki.wp.zanreal.app\/index.php\/wp-json\/wp\/v2\/product_brand?post=6555"},{"taxonomy":"product_cat","embeddable":true,"href":"https:\/\/prokoparki.wp.zanreal.app\/index.php\/wp-json\/wp\/v2\/product_cat?post=6555"},{"taxonomy":"product_tag","embeddable":true,"href":"https:\/\/prokoparki.wp.zanreal.app\/index.php\/wp-json\/wp\/v2\/product_tag?post=6555"}],"curies":[{"name":"wp","href":"https:\/\/api.w.org\/{rel}","templated":true}]}}